9. Let h(i) = -4*i - 3. Let j(m) = -m - 1. Let p(n) = -2*h(n) + 2*j(n). What is p(d)?
28
Let b(a) = -12*a - 22. Let o be b(-8). Let z be 2/5 - o/10. Let i(j) = j**3 + 6*j**2 - 4*j + 21. Let g be i(z). Let k(r) = -r**2 - r - 15. Calculate k(g).
-15
Let h(w) = -120*w + 84. Let p(y) = 14*y - 10. Let q(t) = 5*h(t) + 42*p(t). Let n = -12 - -21. Let l(c) = 3*c. Let v(x) = n*l(x) + 2*q(x). What is v(1)?
3
Let j(w) = 103 - 30 - 15 - 84 - 72 - 33*w. Determine j(-3).
1
Let x be 4 - (9 - 11)/(-1 + 3). Let y(t) = t. Let l(i) = 3*i**2 - 7*i - 9. Let h(s) = x*y(s) + l(s). Let z(k) be the first derivative of h(k). Give z(-2).
-14
Let o(y) = -14*y**2 + 20*y + 3. Let v(l) = -29*l**2 + 37*l + 5. Let t(s) = -11*o(s) + 6*v(s). Give t(2).
-79
Let d(a) = 7*a**2 + 8*a - 4. Let i(n) = -n**2 + 3*n + 19. Let h be i(7). Let g(r) = 3*r**2 + 5*r - 1. Let c(f) = h*g(f) + 4*d(f). Calculate c(13).
-7
Let t be (-1 + 2)*(2 + 1). Let n be ((-54)/20 - (-4)/(-5))*-38. Let l(x) = n - 7*x + 125 + 3*x**2 - 254 + 2*x. Give l(t).
16
Let a = 9 + -18. Let h(q) = 59*q + q**2 - 8 + 65*q - 1 + 22 + 69*q - 182*q. What is h(a)?
-5
Let b(y) = 117*y**2 - 105 + y**3 - 103*y**2 + 0*y**3 - 13*y**2 + 2*y. Determine b(0).
-105
Let n(o) be the second derivative of 1/20*o**5 - 1/6*o**4 + 0 + 0*o**2 + 0*o**3 - o. Let r be (-6655)/1210*(1 - 30/22). Determine n(r).
0
Let v(p) = -10*p - 2*p**2 - 11*p - 931 + p**2 + 910 - p**2. Give v(-10).
-11
Let u be (0 + -2)/(-2)*-7. Let d(m) = -m**2 + m + 1. Let k(x) = -x**3 - 12*x**2 + 9*x + 12. Let n(g) = 5*d(g) - k(g). What is n(u)?
21
Let x(g) = 667*g - 5314. Let m be x(8). Let n(u) = 3*u - 65. Give n(m).
1
Let u(b) be the first derivative of b**4/4 - 4*b**3 + 7*b**2 + 56*b - 5540. Give u(10).
-4
Let d(t) = t**2 - 13*t + 23. Suppose -9*w + 28 = -44. Calculate d(w).
-17
Let s(g) be the first derivative of -g**3/3 + 3*g**2 + 5*g - 10657. Suppose -26 + 2 = -4*c. What is s(c)?
5
Let p(b) = -4631*b + 9250*b - 42 + 0 - 8 - b**2 - 4627*b. Determine p(-8).
-50
Let k(g) = -g**3 + g**2 + 2*g + 1. Let r(p) be the first derivative of p**2 + 11*p + 11. Let s be r(-6). Let i be k(s). Let l(q) = -3*q**2. Determine l(i).
-3
Suppose -112*p + 109*p + 273 = 0. Let a(u) = -199*u**3 + u**2 + p*u**3 - u + 1 + 100*u**3. Suppose 12 = 4*c, -3*r + 3*c = -8*r + 14. Calculate a(r).
-7
Let g(p) be the third derivative of -5/12*p**4 - 167*p**2 + 0 + 0*p + 1/2*p**3 + 1/120*p**6 - 3/20*p**5. Let l = 18 - 8. Calculate g(l).
3
Suppose 0 = 2*w + 10*w - 36. Let f be (-4)/(-8)*-4 - -8. Let i(a) = f - a + w - 14. Determine i(-7).
2
Let w(b) be the third derivative of 5*b**4/12 - 190*b**3/3 + b**2 + 358*b - 3. What is w(38)?
0
Let m be (-1)/2*-6 - (1 + 2). Suppose a + 3 = -4*l, 3*a + a = -4*l + 12. Let g(s) = -9*s - 4*s + 12*s - a. Calculate g(m).
-5
Let x(g) = -18152*g + 69405*g**2 + 18151*g - 69412*g**2. Suppose t + 5*b + 21 = 0, 4*t = t + b + 1. Let s = t - 0. Determine x(s).
-6
Let k(m) = -3*m + 98. Suppose 2310 = -33*v + 110*v. What is k(v)?
8
Let z(a) be the first derivative of -a**3/3 + 3*a**2/2 + a + 2. Let l = 47 + -57. Let s be l/(-30) - 8/(-3). Give z(s).
1
Let w(t) = -3*t**2 + 2*t - 4. Let s(d) = 14*d**2 - 2*d + 17. Let o(c) = -s(c) - 5*w(c). What is o(6)?
-9
Let m(h) = h**3 - 5*h**2 - 3*h + 5. Let w be ((-6)/2)/(1 - (-4)/8). Let v be 4/(-4)*(-2 + w). Suppose -v*f + f = -6, 0 = -2*a + 2*f + 6. Give m(a).
-10
Let c(l) = 2*l + 3. Let s(m) = 3*m + 3. Let b(y) = -y**2 + y + 4. Let k be b(0). Let d(x) = k*c(x) - 3*s(x). Let a be (-513)/(-95) - 10/(-50)*3/1. What is d(a)?
-3
Let u(s) = 2*s. Let f(x) = 11*x - 5. Suppose -40*y = -45*y - 5. Let l(t) = y*f(t) + 5*u(t). Give l(9).
-4
Let i = -4912 - -9825/2. Let m(s) be the first derivative of 0*s - i*s**2 - 1/4*s**4 + 7 + s**3. Give m(2).
2
Let k(s) = 10*s**2 - 8*s - 4. Let u be k(-3). Let r = u + -112. Let a(g) be the first derivative of g**3 + g**2 - 2*g - 3. Give a(r).
6
Let c(p) = 2*p**2 + 2*p**2 + 5*p - 3*p**3 + 2*p**3 - 7*p**2. Let t(g) = -9*g - g**2 - 6 + 2 + 6 + 4. Let j be t(-10). Calculate c(j).
-4
Let b(x) = x**3 + 16*x**2 + 25*x + 49. Let f be b(-14). Let c(t) = t**2 + 275*t - f*t - 91*t - 94*t. Determine c(1).
0
Let u(y) be the first derivative of -y**3/3 + 13*y - 4679. Give u(4).
-3
Let o(w) be the first derivative of 3*w**2/2 + 6. Suppose 3*r - r + 20 = t, -20 = -5*t. Let f be (-66)/(-14) - r/28. Calculate o(f).
15
Suppose -5*o + 33*k - 32 = 31*k, 2*o - 3*k + 26 = 0. Let s(h) = 21*h + 57. Give s(o).
-27
Let b(x) = -x**2 - x + 6. Let v be b(-3). Suppose v + 4 = u. Suppose u*o + 31 - 19 = 0. Let t(h) = h**2 + 3*h - 3. What is t(o)?
-3
Let t(k) = -k**3 - 17241466*k**2 + 11*k - 35 - 22 + 17241453*k**2. Give t(-14).
-15
Let r(l) be the first derivative of -44 - 1/2*l**3 - 1/20*l**5 - 15*l - 3/2*l**2 - 1/4*l**4. Let c(y) be the first derivative of r(y). Determine c(-2).
-1
Let x(i) = -36*i + 37. Suppose 2*b + 4 = -v, -10 = -4*b - 824*v + 825*v. Calculate x(b).
1
Let p(v) = 6*v + 85. Let z = -17829 - -17811. Calculate p(z).
-23
Let t be 5*3/15 - -2. Let n(o) be the third derivative of -11*o**2 + 0*o + 1/8*o**4 + 0 - 1/3*o**3. Give n(t).
7
Let r(b) = -6*b + 168. Let j be r(20). Let c(a) = -92*a + 9 + j*a + 45*a. Give c(-11).
-2
Suppose 4*m - 36 = -4*a, -3*a = -5*a + m + 3. Let z(c) = 2*c + 2. Let i = 26 + -25. Let o(l) = l. Let p(k) = i*z(k) - o(k). Determine p(a).
6
Suppose 5 = -3*r - 4*c + 30, -5*r = 3*c - 38. Let d be r*8 - (-8)/4. Let y = d + -55. Let s(x) = -x**3 + 3*x**2 - 2*x. Give s(y).
-6
Let k(i) = -19*i - 12. Let z be (-6)/21 + (-75)/7 + 45/15. Calculate k(z).
140
Let d(c) = 4*c**2 + 15*c - 6. Let v be d(-4). Let o(u) = u**3 + 2*u**2 - 10*u - 24. Let s be o(v). Let i(x) = 2*x**2 + 7*x + 4. What is i(s)?
8
Let g(m) = 7*m**2 - 30*m + 504. Let w(v) = 2*v**2 - 32*v - 1. Let j(q) = g(q) - 3*w(q). What is j(-57)?
-6
Let a(z) = z**2 + 13*z + 38. Let v be a(-7). Let r be ((-77)/(-14))/(2/v). Let t(x) = -x**2 - 10*x + 4. What is t(r)?
-7
Let c(a) = a**2 + 10*a + 5. Let b be (35/(-60))/((-4)/64)*3. Suppose 547*q - b = 551*q. What is c(q)?
-16
Suppose -5*q + 14 + 12 = -h, -2*h + 2 = -q. Suppose -21*b + 24*b = -q. Let d(a) = -7*a**2 + 2*a. What is d(b)?
-32
Let j(a) = a - 4. Let x(q) = q**3 - 7*q**2 + 13*q - 4. Let f be x(2). Let s be -2*(-12)/8 + -9 + f. Calculate j(s).
-8
Let u be (-106)/1*(-36)/24. Let w(m) = u*m - 321*m + 160*m + m**2. Determine w(2).
0
Let o = 248 + -238. Let b(d) = 9*d + o - 2*d - 9. Let z(q) = -q**2 - q + 2. Let w be z(0). Calculate b(w).
15
Let m(u) = u**3 - 11*u**2 + 2*u + 11. Suppose 3*v - 1 = 8, 5*t - 4*v = -22. Let d(z) = -3*z**3 + 34*z**2 - 3*z - 35. Let r(k) = t*d(k) - 7*m(k). What is r(8)?
-7
Let x(k) = -5*k**2 + 2*k - 4. Let y(t) = 13 - 23 - 586*t - 11*t**2 + 589*t. Let s(i) = 9*x(i) - 4*y(i). What is s(6)?
4
Suppose -4*q + 23*q + 36*q = 0. Let y(c) = 407 - 421 - c - c**2 + 11*c + q*c**2. Calculate y(11).
-25
Let h(f) = f**3 + 12*f**2 + 2*f - 6. Let t(y) = -2*y**3 - 22*y**2 - 2*y + 12. Let v(b) = -7*h(b) - 4*t(b). What is v(-5)?
-1
Let w be (-1)/2 - 105/6. Let g = w + 22. Let l(f) = f**3 - 3*f**2 - 5*f + 3. Give l(g).
-1
Let v be (-39)/26 - ((-33)/6 - 0). Suppose v*i + 2 = -2*o + 2*i, -2*o = -i - 10. Let a(p) = 2*p**2 - 4*p + 2. Calculate a(o).
8
Let v(l) = 5*l - 11. Suppose 12*t = 59 - 83. Give v(t).
-21
Let o(r) = r**3 + 7*r**2 - 10*r - 8. Suppose -2183 = -4*d - 243. Let x = d + -493. Determine o(x).
8
Let r(c) be the first derivative of 124 + 1/2*c**2 + 0*c. Give r(-3).
-3
Let w(p) = -p**3 + 3 + 59*p**2 - 20*p**2 + 0 - 18*p**2 + 9*p - 13*p**2. Determine w(9).
3
Let o(q) = -q**2 + 5*q + 9. Suppose -2*b + 6*b = -4*r + 8, 0 = 4*b - 2*r - 8. Suppose h = b*s - 30 + 9, 2*s = -5*h + 3. Give o(s).
-27
Let l be (1 + -7 - -1) + 1. Let k(j) = -j**3 - 6*j**2 - 11*j - 4. Let g be k(-3). Let z be -3 + g/(l/(-10)). Let c(w) = -w**3 + 3*w**2 + w. Give c(z).
6
Let o(l) = -l**3 - 22*l**2 - 27*l - 582. Let n be o(-22). Let x(z) = 11*z - 91. Give x(n).
41
Let v(o) = -24*o**2 - 12*o - 8. Let h(p) = -p + 25. Let c be h(18). Let k(d) = 24*d**2 + 10*d + 7. Let q(t) = c*k(t) + 6*v(t). Calculate q(1).
23
Let c(y) be the third derivative of y**5/20 - y**4/24 + 35*y**3/3 - 63*y**2. Let a(o) be the first derivative of c(o). Calculate a(-1).
-7
Let b(x) = 4*x**3 + 31*x**2 + 121*x + 5. Let v(h) = 5*h**3 + 33*h**2 + 119*h - 1. Let i(j